late i(4).
-1
Let b(g) = g**2 + 2*g - 12. What is b(4)?
12
Let t(z) = -48*z - 14. Give t(-3).
130
Let w(s) = -3*s**2 - 2*s - 1. Give w(-4).
-41
Let f(o) = -o**3 + 20*o**2 - 17*o - 47. Determine f(19).
-9
Let a(q) = -q**3 + 5*q**2 + 12*q - 62. What is a(4)?
2
Let t(h) = -55*h - 9. Calculate t(-1).
46
Let f(i) = -i**2 + 16*i - 42. What is f(3)?
-3
Let m(s) = s**2 + 2*s - 44. What is m(-8)?
4
Let w(o) = -o + 70. Give w(32).
38
Let r(h) = 21*h**3 - 2*h**2 + 5*h + 7. What is r(-1)?
-21
Let t(d) = -d**3 - 10*d**2 - 10*d + 1. What is t(-8)?
-47
Let m(r) = 5*r + 30. What is m(-4)?
10
Let w(j) = 10*j + 11. Determine w(-3).
-19
Let u(g) = -g**2 + 3*g + 18. Determine u(-4).
-10
Let t(y) = -5*y**2 - 2*y + 2. Determine t(3).
-49
Let l(c) = -5*c - 12. Determine l(-8).
28
Let j(x) = -x**2 + 4*x - 11. What is j(5)?
-16
Let w(f) = f**2 - 8*f - 11. Give w(9).
-2
Let g(s) = s**3 - 9*s**2 + 5*s + 18. Calculate g(8).
-6
Let g(f) = f - 1. Calculate g(-17).
-18
Let k(i) = 3*i**3 - 14*i**2 - 2*i + 12. Determine k(5).
27
Let f(c) = -c**3 - 8*c**2 - 8*c - 9. What is f(-7)?
-2
Let k(j) = -j - 120. Give k(-122).
2
Let v(w) = -3*w**3 - 45*w**2 - 3*w - 22. What is v(-15)?
23
Let r(v) = -v**3 - 10*v**2 - 6*v + 16. What is r(-9)?
-11
Let t(w) = -6*w**2 + 14*w + 39. What is t(-3)?
-57
Let q(t) = t**2 + 23*t - 13. Calculate q(-21).
-55
Let l(t) = -t**3 - 16*t**2 + 20*t + 42. Determine l(-17).
-9
Let p(o) = -o**2 + 4*o + 10. Calculate p(-3).
-11
Let b(l) = -l**3 - 3*l**2 + 16*l + 10. Determine b(-6).
22
Let k(d) = -29*d + 30. What is k(6)?
-144
Let t(j) = 6*j + 4. Determine t(4).
28
Let f(p) = -p - 9. Determine f(0).
-9
Let u(b) = 21*b - 168. Calculate u(8).
0
Let f(y) = -y**3 - y**2 + 2*y + 2. Calculate f(-1).
0
Let a(g) = -3*g - 12. What is a(-6)?
6
Let l(p) = p**2 - 13*p - 37. What is l(16)?
11
Let p(r) = r**3 - 6*r**2 + 7*r - 14. Determine p(5).
-4
Let k(q) = -q + 1. What is k(-9)?
10
Let a(v) = v**3 - 6*v**2 + 4*v - 1. Calculate a(4).
-17
Let r(o) = o**3 - 5*o**2 + 6*o - 8. Give r(4).
0
Let d(v) = 2*v**2 + 55*v + 76. Calculate d(-26).
-2
Let c(a) = a**2 - 17*a + 68. Calculate c(9).
-4
Let i(d) = -d**3 + 44*d**2 + 45*d - 2. Calculate i(45).
-2
Let o(d) = -d**2 - 89*d - 1384. Determine o(-69).
-4
Let h(j) = -j**2 + 6*j + 6. Give h(6).
6
Let i(u) = -u**2 - 20*u - 25. Determine i(-19).
-6
Let l(z) = -2*z**2 - 6*z - 6. Give l(-3).
-6
Let n(t) = -3*t + 45. Give n(18).
-9
Let g(f) = 2*f**2 + 22*f - 48. What is g(-13)?
4
Let o(q) = -2*q**2 + 3*q. Determine o(-2).
-14
Let k(a) = -9*a**3 + a**2 - 2*a + 2. What is k(2)?
-70
Let z(p) = 9*p - 376. Give z(42).
2
Let d(j) = j**2 + 8*j - 29. Calculate d(-10).
-9
Let g(c) = 5*c - 31. Calculate g(4).
-11
Let h(j) = 31*j - 81. What is h(4)?
43
Let q(f) = -f**2 - 6*f + 32. Determine q(-13).
-59
Let j(l) = 16*l - 89. Give j(6).
7
Let l(f) = -f**3 - 7*f**2 - 4*f - 5. Determine l(-7).
23
Let a(v) = 13*v - 385. Determine a(30).
5
Let i(d) = -2*d + 4. Determine i(-5).
14
Let w(i) = -10*i + 88. Determine w(8).
8
Let c(b) = b + 2. Determine c(3).
5
Let c(h) = h**3 + 11*h**2 + 11*h - 15. Determine c(-9).
48
Let g(v) = -3*v**3 + v**2 - 6*v - 6. Determine g(-1).
4
Let w(h) = -h**3 + 42*h**2 + 46*h - 125. Determine w(43).
4
Let k(w) = w**3 - 7*w**2 + 2*w - 9. What is k(7)?
5
Let t(v) = -v**2 + 50*v - 263. What is t(6)?
1
Let j(c) = -c**3 - 32*c**2 - 27*c + 119. Calculate j(-31).
-5
Let i(j) = -4*j**2 + 123*j - 76. What is i(30)?
14
Let y(f) = f**2 + 7*f + 12. Give y(-6).
6
Let m(c) = -6*c + 173. Give m(29).
-1
Let c(i) = 2*i + 19. Give c(-7).
5
Let t(k) = k**2 - 4*k - 2. What is t(4)?
-2
Let v(f) = 9*f**2 + f. Calculate v(-2).
34
Let u(t) = 5*t**3 + 4*t + 3. Calculate u(-1).
-6
Let b(z) = -2*z - 10. Determine b(7).
-24
Let h(x) = -11*x - 8. Give h(-3).
25
Let p(b) = -b**2 - 19*b + 67. What is p(4)?
-25
Let t(z) = 2*z**2 - 2*z - 2. Determine t(-1).
2
Let t(o) = 6*o + 2. Give t(-14).
-82
Let q(a) = a**2 + 17*a + 24. Determine q(-15).
-6
Let r(t) = -t**3 - 7*t**2 - 6*t. Determine r(-3).
-18
Let g(z) = 6*z**2 + 22*z + 16. What is g(-3)?
4
Let r(d) = -d**2 + 4*d + 12. Determine r(-3).
-9
Let y(w) = 9*w**2 - 3. What is y(-2)?
33
Let w(q) = -q**3 + 41*q**2 + 85*q + 53. Give w(43).
10
Let m(z) = z**3 + 8*z**2 + 7*z - 3. Determine m(-7).
-3
Let g(d) = d - 1. Calculate g(14).
13
Let p(f) = -18*f - 35. Determine p(-2).
1
Let m(v) = -21*v + 1. Calculate m(-1).
22
Let c(y) = y**3 + 11*y**2 + 29*y + 15. Give c(-9).
-84
Let r(p) = 5*p**2 + 7*p. Give r(-2).
6
Let k(x) = -x**2 - 6*x - 7. Calculate k(-5).
-2
Let l(q) = -q + 8. Calculate l(-8).
16
Let y(s) = 7*s + 8. Determine y(4).
36
Let t(s) = 7*s + 11. Give t(-1).
4
Let d(c) = -24*c**2 + c + 1. What is d(-1)?
-24
Let h(t) = -84*t - 170. What is h(-2)?
-2
Let j(u) = u**2 - 4*u - 7. What is j(5)?
-2
Let t(d) = d + 220. Calculate t(0).
220
Let p(m) = -17*m - 127. Determine p(-7).
-8
Let s(u) = -2*u**3 + 17*u**2 - 30*u + 14. What is s(6)?
14
Let r(g) = -g**3 + 34*g**2 + 37*g - 74. What is r(35)?
-4
Let u(y) = 7*y**2 - 13*y - 11. Determine u(5).
99
Let h(p) = 4*p + 35. Determine h(-7).
7
Let p(s) = -4*s**3 + 1. Calculate p(1).
-3
Let y(d) = -10*d**2 - 10*d - 9. What is y(-1)?
-9
Let s(n) = -n**2 + 26*n - 161. Calculate s(16).
-1
Let o(l) = -2*l**2 + l + 7. Calculate o(0).
7
Let l(f) = f**3 + 35*f**2 - 44*f - 292. Calculate l(-36).
-4
Let h(b) = 4*b + 10. Calculate h(-8).
-22
Let b(k) = k**2 - 11*k + 22. Calculate b(6).
-8
Let h(p) = -3*p**2 + p + 8. What is h(0)?
8
Let z(h) = 5*h - 78. Calculate z(16).
2
Let d(o) = o**2 - 38*o + 2. What is d(38)?
2
Let w(g) = 9*g + 15. Determine w(-6).
-39
Let v(n) = n**3 - 7*n**2 - n + 5. Determine v(6).
-37
Let v(y) = -y**3 + 3*y**2 + 3*y - 3. What is v(3)?
6
Let m(b) = b**3 - 9*b**2 - 9*b - 12. What is m(10)?
-2
Let m(p) = -p - 16. What is m(-21)?
5
Let s(v) = 13*v - 3. Determine s(2).
23
Let y(r) = -13*r + 115. Determine y(9).
-2
Let p(n) = 2*n + 10. Give p(-3).
4
Let a(l) = 2*l**3 - 23*l**2 + 8*l + 34. What is a(11)?
1
Let o(p) = -p**3 - 53*p**2 + 111*p + 40. What is o(-55)?
-15
Let p(m) = -m**3 + 5*m**2 + 4*m + 2. Calculate p(6).
-10
Let l(h) = 2*h + 6. Determine l(8).
22
Let k(b) = 2*b**3 - 4*b**2. Give k(2).
0
Let r(k) = -3*k**3 + 2*k**2 + 2*k + 1. What is r(-1)?
4
Let q(k) = 2*k**2 - 36*k - 39. Give q(19).
-1
Let y(h) = -45*h + 89. Determine y(2).
-1
Let m(v) = -2*v**3 + v**2 - 5*v + 3. Determine m(-3).
81
Let o(u) = u + 21. Calculate o(0).
21
Let i(a) = 8*a + 3. Give i(3).
27
Let w(s) = s**3 + 14*s**2 - s + 11. Determine w(-14).
25
Let s(n) = 13*n - 228. Give s(17).
-7
Let j(o) = 3*o**2 + 12*o + 8. Determine j(-4).
8
Let o(v) = 20*v + 2. Determine o(-2).
-38
Let l(o) = o**2 + 7*o + 7. Calculate l(-6).
1
Let b(o) = 5*o + 56. Determine b(-12).
-4
Let a(h) = -4*h**3 + h**2 - 2*h + 2. Determine a(2).
-30
Let k(n) = n**3 - 2*n**2 - 5*n + 8. What is k(3)?
2
Let t(p) = p**3 - 12*p**2 + 14*p - 12. Calculate t(11).
21
Let s(a) = -a**3 - a**2 + 18*a - 14. What is s(3)?
4
Let z(l) = -46*l + 6. What is z(-2)?
98
Let v(b) = b**2 - 4*b - 16. Give v(-4).
16
Let j(b) = 11*b + 160. Determine j(-14).
6
Let g(i) = -11*i**2 - 16*i - 5. Determine g(-2).
-17
Let c(n) = -n**2 + 2*n + 89. Calculate c(-12).
-79
Let l(v) = 5*v + 3. Give l(2).
13
Let y(p) = -5*p + 47. Give y(11).
-8
Let d(p) = p - 5. Calculate d(2).
-3
Let k(g) = g - 10. Determine k(-6).
-16
Let k(j) = 54*j + 6. Determine k(-1).
-48
Let j(h) = -h**2 + 6*h + 4. Determine j(8).
-12
Let a(d) = d**3 - 6*d**2 + 4*d - 2. Calculate a(6).
22
Let g(j) = 13*j - 66. What is g(6)?
12
Let k(y) = y**3 - 10*y**2 + 24*y - 17. What is k(7)?
4
Let g(u) = -u**2 - u - 35. Determine g(8).
-107
Let y(o) = o**2 + 4*o - 4. Determine y(-5).
1
Let o(n) = 8*n + 25. What is o(-5)?
-15
Let q(c) = -2*c**3 - 7*c**2 + 6*c + 12. Calculate q(-4).
4
Let l(g) = -g - 5. What is l(3)?
-8
Let x(a) = -a**2 + 48*a + 369. Give x(55).
-16
Let l(h) = h - 5. Determine l(5).
0
Let d(g) = -g**3 + 9*g**2 - 11*g + 7. Calculate d(7).
28
Let h(s) = s**3 - 15*s**2 + 13*s + 17. Calculate h(14).
3
Let m(k) = k**2 - 41*k + 229. Determine m(7).
-9
Let r(o) = o**3 - 7*o**2 - 7*o - 8. What is r(8)?
0
Let p(x) = x**3 - 10*x**2 + 12*x - 13. Determine p(9).
14
Let i(p) = p**3 - 5*p**2 - 6*p - 8. Give i(6).
-8
Let z(v) = 5*v**2 - 2*v + 2. Calculate z(-3).
53
Let t(d) = d + 2. Calculate t(1).
3
L